 b and 110.
10
Let h = -49 - -104. Let u = h - 36. Suppose 5 - u = -2*t. What is the highest common divisor of 56 and t?
7
Let k = -11 - -14. Suppose -d - c + 10 = -3, -5*d + k*c + 49 = 0. What is the highest common factor of 11 and d?
11
Let z = 77 + -12. Calculate the highest common divisor of z and 13.
13
Let x(v) = 2*v + 2. Suppose -3 - 17 = -4*k. Let o be x(k). What is the highest common divisor of 30 and o?
6
Suppose -f + 27 = -3*h, 2*f + h - 27 = -2*h. What is the highest common factor of 12 and f?
6
Let p = 5 - -19. What is the highest common divisor of p and 12?
12
Let n(v) = -5 + 5 + 2*v. Let f be n(7). Let q = -28 + 182. Calculate the greatest common divisor of q and f.
14
Let i(m) = -m**2 - 15*m + 18. Suppose p - 2*l = -p - 30, -4*p - 55 = l. Let d be i(p). What is the greatest common divisor of d and 80?
16
Let v = -42 + 66. What is the greatest common divisor of 16 and v?
8
Let o(p) = -p**2 + p + 1. Let m be o(3). Let x(i) = i**2 + 5*i + 2. Let v be x(m). Suppose v*g + g = 18. What is the highest common factor of g and 6?
6
Suppose 3 = v - 2*k + 1, 4*k = -3*v + 46. What is the greatest common divisor of 60 and v?
10
Let s(l) = l**3 - 7*l**2 - l - 4. Let w(q) = q**2 + 2*q - 1. Let n be w(-4). Let a be s(n). Let b = a + 35. What is the highest common factor of 36 and b?
12
Let x(a) = 2 - 10*a + 0 - 30*a + 11*a. Let l be x(-2). What is the greatest common divisor of l and 24?
12
Suppose 0 = -a + 4*k + 10 + 30, 3*a - 90 = -3*k. Let i be (-2 + 16/10)*-40. Calculate the highest common divisor of i and a.
16
Suppose -a + 5*j = -10, -3*a + 46 + 4 = 5*j. Calculate the greatest common divisor of a and 60.
15
Let i(p) = 2*p**2 - 4*p. Let a be i(4). Calculate the greatest common factor of a and 144.
16
Suppose -5*h + 5*z + 110 = 0, 2*z + 30 = 3*h - 37. What is the greatest common factor of 207 and h?
23
Suppose 288 = -3*x + 5*x. Calculate the greatest common factor of x and 16.
16
Let t = 1 - -4. Let g = -2 + t. Calculate the greatest common factor of g and 21.
3
Suppose 27 = -5*l + 7. Let v be 2 - 2/l*0. Suppose v*z - 3*r - 9 = 0, -5*r = -z + 4*z - 42. Calculate the highest common divisor of 6 and z.
3
Let f be (0 - 35)*4/(-14). Suppose 5*b - 51 = c, -3*b = 4*c + 14 - 40. Calculate the greatest common factor of f and b.
10
Let a(i) = 2*i**2 - 3 + 4*i - i**2 - 3*i + 1. Let s be a(-3). Suppose -s*o + 2*y = -46, -o = o + 5*y - 41. What is the greatest common divisor of 143 and o?
13
Suppose -4*y = -2*t + 12, 0*y = -5*t - 3*y + 95. What is the greatest common divisor of t and 176?
16
Let k be (-260)/(-25)*(-15)/(-6). Calculate the highest common divisor of 234 and k.
26
Let n be 2/(-6 + 2)*4. Let q be (-5)/(-2) - 2/(-4). Let k be 36/(6/q) - n. Calculate the highest common divisor of k and 50.
10
Let i = 3 - -10. Let c = 549 - 373. Suppose 2*v - c = -4*y - 2*v, -y + 49 = 2*v. What is the highest common divisor of i and y?
13
Let t be 2 + (-6 - 0) + 1 + 12. Calculate the greatest common divisor of 90 and t.
9
Suppose 5*y - 1 = -4*o + 3, 0 = -y. Let s = 83 - 55. Suppose 5*x = s - 8, 3 = -5*p + 2*x. What is the highest common divisor of o and p?
1
Let b(w) = -w**3 + w**2 - 3. Let x be b(-2). What is the highest common divisor of 36 and x?
9
Let u = -68 + 138. Suppose 4*f - 8 = 8*c - 4*c, 8 = -4*f. Let r(m) = -3*m + 2. Let s be r(c). Calculate the highest common factor of u and s.
14
Let z = -1 + 1. Suppose -u + 9 + 0 = z. Suppose 4*d - 2*d - 3*g + u = 0, 0 = d + g - 8. Calculate the highest common factor of d and 24.
3
Suppose 2*j - 35 = -2*j - n, 30 = 3*j + 2*n. Let z = j - 6. Calculate the greatest common divisor of z and 16.
2
Suppose -16 = -4*r + 4*t, 3*r - 4*t + 7 = 18. Suppose 83 = r*k - 27. Calculate the highest common factor of k and 55.
11
Let j be 136/14 + 2/7. Let m be 184/10 + j/(-25). Let r = m - -15. Calculate the highest common factor of r and 22.
11
Suppose 0*z = 3*z - 6. Suppose 0 = 2*o + z*o - 12. What is the highest common factor of 3 and o?
3
Suppose -3*k = -3*l + 18, 2*l - 16 = -k + 4*k. Suppose -14 - l = -4*f. Suppose -2*n = -f*n + 10. What is the greatest common factor of 45 and n?
5
Let s be 78*2/3 + -2. Let a = s - 36. What is the greatest common divisor of a and 7?
7
Let o = 40 - 24. Calculate the highest common factor of 8 and o.
8
Let g be 75/20 - (-3)/12. Calculate the highest common factor of g and 44.
4
Let p be 6/33 + 210/55. Suppose -380 = -0*d - p*d. What is the greatest common factor of 19 and d?
19
Let c be (-73)/(-3) - (-13)/(-39). What is the highest common factor of 192 and c?
24
Let z(n) = 13*n**2 - n + 1. Let x be z(-3). Calculate the highest common factor of x and 11.
11
Let y(f) = f**3 - 16*f**2 + 18*f - 13. Let q be y(15). Calculate the highest common divisor of 4 and q.
4
Suppose -3*k + 28 = -8. Calculate the highest common factor of k and 36.
12
Let j = 38 - 11. Calculate the highest common divisor of 9 and j.
9
Let m be (-1 - -1)/(3 + -4). Suppose o - 6*o + 140 = m. What is the greatest common factor of o and 42?
14
Let x be (0 + 4/(-5))*-15. Let q = -55 + 91. What is the highest common divisor of x and q?
12
Suppose 3*f + 16 = 52. Let y = 1065 + -1017. What is the greatest common factor of f and y?
12
Let s = -8 + 14. Suppose s = 3*k - 0. Suppose 2*w - 56 = -k*w. What is the highest common divisor of 98 and w?
14
Let b = -56 + 112. Suppose 5*z - 5*x + x - b = 0, -5*z = -2*x - 48. What is the highest common divisor of 64 and z?
8
Let p = 2 - -2. Suppose 3*g = p*y + 26, 1 + 30 = 3*g + y. Calculate the greatest common factor of g and 40.
10
Let i(r) = r + 25. Let l be i(-8). Suppose 4*h - 2*o = 486, 0*o + 466 = 4*h + 2*o. Calculate the highest common factor of h and l.
17
Let g = 8 - -12. Suppose -3*j + 1 = -g. What is the highest common divisor of j and 7?
7
Let m(y) = y**3 + 13*y**2 - y - 10. Let d be m(-13). Calculate the highest common divisor of d and 15.
3
Suppose 103 = s - 122. What is the highest common divisor of s and 25?
25
Let o = 193 - 186. Suppose 0 = -4*g - 3*q + 2*q + 108, -g - 3*q = -16. Calculate the greatest common factor of o and g.
7
Suppose 0 = 2*l + 10, -q - l = -4*q + 35. Suppose 3*k + 0 = -j + 6, -5*j = 0. What is the highest common factor of q and k?
2
Suppose -4*b = 2*k - 46, -4*b = b + k - 53. Calculate the highest common divisor of 2 and b.
2
Let i(z) = -z**2 + 4*z. Let a = 6 - 3. Let n be i(a). Let d = -2 + n. Calculate the highest common divisor of 7 and d.
1
Suppose 364 = 7*a - 5*a. What is the highest common factor of 26 and a?
26
Let b = 13 - 6. Let x(z) = -z**2 + 3*z. Let h be x(2). Suppose h*n + 0*n + 5*g - 141 = 0, 69 = n + 2*g. Calculate the greatest common divisor of b and n.
7
Let o be 69*(1 + 1 - 0). Let c be (0 - 2) + o/(-3). Let z be (2/(-4))/(2/c). What is the greatest common factor of z and 96?
12
Suppose 5*a - 305 = 5*l, 83 = 4*a - l - 176. Calculate the greatest common divisor of 44 and a.
22
Let t(u) = u**3 + 9*u**2 - 10*u - 10. Let x be t(-9). Calculate the highest common factor of x and 5.
5
Let t = 58 - 33. Calculate the greatest common factor of 25 and t.
25
Suppose -2*q = -q - 4. Suppose 0 = -g - q*g + 20. Let r = 11 - g. Calculate the highest common factor of r and 56.
7
Let s = 16 - 4. Let c = 116 - -16. What is the highest common divisor of c and s?
12
Suppose 4*m - 8 = 20. Suppose 0 = i - 1 + m. Let o = -5 - i. What is the highest common divisor of o and 4?
1
Let o be -6 - -4 - (-4)/1. Let l be o/((-96)/(-45) - 2). What is the highest common factor of l and 120?
15
Let i = 70 + -119. Let x = i + 137. What is the highest common divisor of x and 11?
11
Suppose 0 = -m - 0 + 14. Let k = -8 + m. Let q = k + 2. What is the greatest common factor of q and 12?
4
Let x(n) be the first derivative of n**4/4 + n**3 - 3*n**2/2 - 4*n - 1. Let i be x(-3). Suppose i*a - 5 = -0*a. What is the greatest common factor of 2 and a?
1
Let r = -103 + 105. What is the greatest common factor of 26 and r?
2
Suppose 13 = -5*b + 38. What is the highest common divisor of b and 1?
1
Let m be -2 + (-32 + -1)/(-3). Let b = 1 + -1. Let g be (b + 6)*(-9)/(-6). What is the highest common factor of g and m?
9
Let s(x) = 12*x + 10. Let j be s(5). Calculate the highest common factor of j and 10.
10
Suppose -4*f + 14 = -2. Suppose o = f*o - 12. Calculate the greatest common divisor 